{"id":553,"date":"2020-08-14T13:27:11","date_gmt":"2020-08-14T13:27:11","guid":{"rendered":"https:\/\/demo.creativethemes.com\/blocksy\/business\/?page_id=3"},"modified":"2024-03-21T23:56:24","modified_gmt":"2024-03-22T04:56:24","slug":"terminos-condiciones","status":"publish","type":"page","link":"https:\/\/serviciosgc.com\/index.php\/terminos-condiciones\/","title":{"rendered":"T\u00e9rminos y Condiciones"},"content":{"rendered":"\n<div class=\"wp-block-stackable-heading stk-block-heading stk-block-heading--v2 stk-block stk-96ce71d\" id=\"terminos-y-condiciones\" data-block-id=\"96ce71d\"><h2 class=\"stk-block-heading__text has-text-align-center\">T\u00e9rminos y Condiciones<\/h2><\/div>\n\n\n\n<p>1. Introducci\u00f3n<\/p>\n\n\n\n<p>Bienvenido a SERVICIOS GENERALES DE CAPACITACI\u00d3N CONSULTOR\u00cdA Y CONSTRUCCI\u00d3N E.I.R.L. , una plataforma que ofrece servicios de capacitaci\u00f3n, consultor\u00eda y construcci\u00f3n online, as\u00ed como una tienda virtual y aula virtual. Estos t\u00e9rminos y condiciones rigen el uso de nuestros servicios, por lo que te pedimos que los leas detenidamente antes de acceder a nuestra plataforma. <\/p>\n\n\n\n<p>2. Aceptaci\u00f3n de los T\u00e9rminos<\/p>\n\n\n\n<p>Al acceder y utilizar nuestros servicios, aceptas autom\u00e1ticamente estos t\u00e9rminos y condiciones. Si no est\u00e1s de acuerdo con alguna parte de estos t\u00e9rminos, te pedimos que no utilices nuestros servicios.<\/p>\n\n\n\n<p>3. Servicios Ofrecidos<\/p>\n\n\n\n<p>SERVICIOS GENERALES DE CAPACITACI\u00d3N CONSULTOR\u00cdA Y CONSTRUCCI\u00d3N E.I.R.L. ofrece servicios de capacitaci\u00f3n, consultor\u00eda y construcci\u00f3n online a trav\u00e9s de nuestra plataforma. Adem\u00e1s, contamos con una tienda virtual donde puedes adquirir productos relacionados con nuestros servicios. Tambi\u00e9n proporcionamos un aula virtual para la realizaci\u00f3n de cursos y actividades formativas.<\/p>\n\n\n\n<p>4. Registro de Cuenta<\/p>\n\n\n\n<p>Para acceder a ciertos servicios, es posible que necesites registrarte y crear una cuenta. Al hacerlo, aceptas proporcionar informaci\u00f3n precisa y actualizada. Eres responsable de mantener la confidencialidad de tu cuenta y contrase\u00f1a.<\/p>\n\n\n\n<p>5. Uso Apropiado<\/p>\n\n\n\n<p>Te comprometes a utilizar nuestros servicios de manera adecuada y legal. No debes realizar actividades que violen las leyes aplicables o afecten la seguridad y el funcionamiento de nuestra plataforma.<\/p>\n\n\n\n<p>6. Uso No Autorizado<\/p>\n\n\n\n<p>En caso de que aplique (para venta de software, templetes, u otro producto de dise\u00f1o y programaci\u00f3n) usted no puede colocar uno de nuestros productos, modificado o sin modificar, en un CD, sitio web o ning\u00fan otro medio y ofrecerlos para la redistribuci\u00f3n o la reventa de ning\u00fan tipo.<\/p>\n\n\n\n<p>El participante deber\u00e1 mantener un comportamiento apropiado en las redes sociales, quedando prohibido toda publicaci\u00f3n que no tenga que ver con temas acad\u00e9micos (est\u00e1 prohibido las actividades proselitistas, promoci\u00f3n de otras instituciones educativas, mensajes obscenos, divulgaci\u00f3n de videos y\/o im\u00e1genes que puedan vulnerar la sensibilidad de los dem\u00e1s participantes), de ocurrir esto, administraci\u00f3n retirar\u00e1 de manera inmediata del curso y redes sociales a estas personas.<\/p>\n\n\n\n<p>7. Propiedad Intelectual<\/p>\n\n\n\n<p>Todo el contenido presente en nuestra plataforma, incluyendo pero no limitado a textos, gr\u00e1ficos, logotipos, im\u00e1genes y software, est\u00e1 protegido por derechos de propiedad intelectual. No est\u00e1 permitido copiar, distribuir o utilizar este contenido sin autorizaci\u00f3n.<\/p>\n\n\n\n<p>Usted no puede declarar propiedad intelectual o exclusiva a ninguno de nuestros productos, modificado o sin modificar. Todos los productos son propiedad de los proveedores del contenido. En caso de que no se especifique lo contrario, nuestros productos se proporcionan sin ning\u00fan tipo de garant\u00eda, expresa o impl\u00edcita. En ning\u00fan esta compa\u00f1\u00eda ser\u00e1 responsables de ning\u00fan da\u00f1o incluyendo, pero no limitado a, da\u00f1os directos, indirectos, especiales, fortuitos o consecuentes u otras p\u00e9rdidas resultantes del uso o de la imposibilidad de utilizar nuestros productos de acuerdo a la resoluci\u00f3n N\u00b0 015195-2020\/DSD \u2013 INDECOPI, Nuestra Instituci\u00f3n tiene los derechos legales e intelectuales de nuestros, productos y todo lo relacionado con la marca SERVICIOS GENERALES DE CAPACITACI\u00d3N CONSULTOR\u00cdA Y CONSTRUCCI\u00d3N E.I.R.L. , el acceso que se brinde al participante, debe ser usado \u00fanicamente con fines acad\u00e9micos, mas no lucrativos. Caso contrario, la empresa tomar\u00e1 acciones legales.<\/p>\n\n\n\n<p>8. Compras y Pagos<\/p>\n\n\n\n<p>Al realizar compras a trav\u00e9s de nuestra tienda virtual, aceptas pagar los montos indicados y proporcionar informaci\u00f3n de pago precisa. Nos reservamos el derecho de cancelar o rechazar pedidos en cualquier momento.<\/p>\n\n\n\n<p>9. Cancelaci\u00f3n y Reembolso<\/p>\n\n\n\n<p>Consulta nuestra pol\u00edtica de cancelaci\u00f3n y reembolso para obtener informaci\u00f3n detallada sobre los procedimientos y condiciones aplicables.<\/p>\n\n\n\n<p>El participante puede renunciar al servicio de capacitaci\u00f3n si este no cumple con lo establecido por la empresa, para lo cual debe de enviar una solicitud a sgc.ccconstruccion@gmail.com indicando el motivo de su salida (correctamente evidenciada), esta solicitud debe ser presentada como m\u00e1ximo 48 horas despu\u00e9s de haber realizado el abono correspondiente, la instituci\u00f3n tiene 72 horas para evaluar su solicitud, de ser aceptada se proceder\u00e1 a la devoluci\u00f3n del 80% de pago realizado en un plazo de 15 d\u00edas.<\/p>\n\n\n\n<p>10. Aspectos Generales del Servicio<\/p>\n\n\n\n<p>Los participantes deben asistir como m\u00ednimo al 70% de las clases o asesoramientos en vivo, respetando el cronograma, de no cumplir con esta condici\u00f3n el participante no se podr\u00e1 certificar (el participante puede justificar sus inasistencias con un correo a administracion@cersa.org.pe en el cual solicite la justificaci\u00f3n de algunas faltas por motivos personales o laborales), nuestra instituci\u00f3n colabora con el crecimiento personal y profesional de sus participantes, pero tambi\u00e9n exige que mantengan la postura del caso ya que el fin de nuestro servicio es actualizar sus conocimientos.<\/p>\n\n\n\n<p>El acceso al aula virtual es de manera ILIMITADA, siempre y cuando el participante culmine satisfactoriamente el curso y\/o diplomado, esto es cuando obtenga su diploma o certificado, de no ser as\u00ed la instituci\u00f3n le brindara el apoyo necesario para que pueda lograrlo si no existe inter\u00e9s del participante en certificarse perder\u00e1 el acceso luego de 02 meses de culminada la capacitaci\u00f3n.<\/p>\n\n\n\n<p>11. Pol\u00edtica de Privacidad<\/p>\n\n\n\n<p>La presente Pol\u00edtica de Privacidad establece los t\u00e9rminos en que SERVICIOS GENERALES DE CAPACITACI\u00d3N CONSULTOR\u00cdA Y CONSTRUCCI\u00d3N E.I.R.L. usa y protege la informaci\u00f3n que es proporcionada por sus usuarios al momento de utilizar su sitio web. Esta compa\u00f1\u00eda est\u00e1 comprometida con la seguridad de los datos de sus usuarios. Cuando le pedimos llenar los campos de informaci\u00f3n personal con la cual usted pueda ser identificado, lo hacemos asegurando que s\u00f3lo se emplear\u00e1 de acuerdo con los t\u00e9rminos de este documento. Sin embargo, esta Pol\u00edtica de Privacidad puede cambiar con el tiempo o ser actualizada por lo que le recomendamos y enfatizamos revisar continuamente esta p\u00e1gina para asegurarse que est\u00e1 de acuerdo con dichos cambios.<\/p>\n\n\n\n<p>12. Privacidad<\/p>\n\n\n\n<p>Nuestra pol\u00edtica de privacidad describe c\u00f3mo recopilamos, utilizamos y protegemos tus datos personales. Al utilizar nuestros servicios, aceptas nuestra pol\u00edtica de privacidad.<\/p>\n\n\n\n<p>SERVICIOS GENERALES DE CAPACITACI\u00d3N CONSULTOR\u00cdA Y CONSTRUCCI\u00d3N E.I.R.L. garantiza que la informaci\u00f3n personal que usted env\u00eda cuenta con la seguridad necesaria. Los datos ingresados por usuario o en el caso de requerir una validaci\u00f3n de los pedidos no ser\u00e1n entregados a terceros, salvo que deba ser revelada en cumplimiento a una orden judicial o requerimientos legales.<\/p>\n\n\n\n<p>La suscripci\u00f3n a boletines de correos electr\u00f3nicos publicitarios es voluntaria y podr\u00eda ser seleccionada al momento de crear su cuenta.<\/p>\n\n\n\n<p>13. Modificaciones de los T\u00e9rminos<\/p>\n\n\n\n<p>Nos reservamos el derecho de modificar estos t\u00e9rminos y condiciones en cualquier momento. Las modificaciones entrar\u00e1n en vigor al ser publicadas en nuestra plataforma. Es tu responsabilidad revisar peri\u00f3dicamente estos t\u00e9rminos para estar al tanto de cualquier cambio.<\/p>\n\n\n\n<p>14. Cookies<\/p>\n\n\n\n<p>Una cookie se refiere a un fichero que es enviado con la finalidad de solicitar permiso para almacenarse en su ordenador, al aceptar dicho fichero se crea y la cookie sirve entonces para tener informaci\u00f3n respecto al tr\u00e1fico web, y tambi\u00e9n facilita las futuras noticias recurrentes. Otra funci\u00f3n que tienen las cookies es que con ellas las webs pueden reconocerte individualmente y por tanto brindarle el mejor servicio personalizado de su web.<\/p>\n\n\n\n<p>Nuestro sitio web emplea las cookies para poder identificar las p\u00e1ginas que son visitadas y su frecuencia. Esta informaci\u00f3n es empleada \u00fanicamente para an\u00e1lisis estad\u00edstico y despu\u00e9s la informaci\u00f3n se elimina de forma permanente. Usted puede eliminar las cookies en cualquier momento desde su ordenador. Sin embargo, las cookies ayudan a proporcionar un mejor servicio de los sitios web, estas no dan acceso a informaci\u00f3n de su ordenador ni de usted, a menos de que usted as\u00ed lo quiera y la proporcione directamente. Usted puede aceptar o negar el uso de cookies, sin embargo, la mayor\u00eda de navegadores aceptan cookies autom\u00e1ticamente pues sirve para tener un mejor servicio web. Tambi\u00e9n usted puede cambiar la configuraci\u00f3n de su ordenador para declinar las cookies. Si se declinan es posible que no pueda utilizar algunos de nuestros servicios.<\/p>\n\n\n\n<p>15. Enlaces a Terceros<\/p>\n\n\n\n<p>Este sitio web pudiera contener enlaces a otros sitios que pudieran ser de su inter\u00e9s. Una vez que usted de clic en estos enlaces y abandone nuestra p\u00e1gina, ya no tenemos control sobre al sitio al que es redirigido y por lo tanto no somos responsables de los t\u00e9rminos o privacidad ni de la protecci\u00f3n de sus datos en esos otros sitios terceros. Dichos sitios est\u00e1n sujetos a sus propias pol\u00edticas de privacidad por lo cual es recomendable que los consulte para confirmar que usted est\u00e1 de acuerdo con estas.<\/p>\n\n\n\n<p>16. Control de su informaci\u00f3n personal<\/p>\n\n\n\n<p>En cualquier momento usted puede restringir la recopilaci\u00f3n o el uso de la informaci\u00f3n personal que es proporcionada a nuestro sitio web. Cada vez que se le solicite rellenar un formulario, como el de alta de usuario, puede marcar o desmarcar la opci\u00f3n de recibir informaci\u00f3n por correo electr\u00f3nico. En caso de que haya marcado la opci\u00f3n de recibir nuestro bolet\u00edn o publicidad usted puede cancelarla en cualquier momento.<\/p>\n\n\n\n<p>Esta compa\u00f1\u00eda no vender\u00e1, ceder\u00e1 ni distribuir\u00e1 la informaci\u00f3n personal que es recopilada sin su consentimiento, salvo que sea requerido por un juez con un orden judicial.<\/p>\n\n\n\n<p>17. Contacto<\/p>\n\n\n\n<p>Si tienes preguntas o inquietudes sobre estos t\u00e9rminos y condiciones, por favor cont\u00e1ctanos a trav\u00e9s del correo electr\u00f3nico de contacto: sgc.ccconstruccion@gmail.com<\/p>\n\n\n\n<p>SERVICIOS GENERALES DE CAPACITACI\u00d3N CONSULTOR\u00cdA Y CONSTRUCCI\u00d3N E.I.R.L. Se reserva el derecho de cambiar los T\u00e9rminos y Condiciones de la presente Pol\u00edtica de Privacidad en cualquier momento.<\/p>\n","protected":false},"excerpt":{"rendered":"<p>T\u00e9rminos y Condiciones 1. Introducci\u00f3n Bienvenido a SERVICIOS GENERALES DE CAPACITACI\u00d3N CONSULTOR\u00cdA Y CONSTRUCCI\u00d3N E.I.R.L. , una plataforma que ofrece servicios de capacitaci\u00f3n, consultor\u00eda y construcci\u00f3n online, as\u00ed como una tienda virtual y aula virtual. Estos t\u00e9rminos y condiciones rigen el uso de nuestros servicios, por lo que te pedimos que los leas detenidamente antes [&hellip;]<\/p>\n","protected":false},"author":1,"featured_media":0,"parent":0,"menu_order":0,"comment_status":"closed","ping_status":"closed","template":"","meta":{"om_disable_all_campaigns":false,"_monsterinsights_skip_tracking":false,"_monsterinsights_sitenote_active":false,"_monsterinsights_sitenote_note":"","_monsterinsights_sitenote_category":0,"footnotes":"","_joinchat":[]},"blocksy_meta":{"styles_descriptor":{"styles":{"desktop":"","tablet":"","mobile":""},"google_fonts":[],"version":6}},"aioseo_notices":[],"_links":{"self":[{"href":"https:\/\/serviciosgc.com\/index.php\/wp-json\/wp\/v2\/pages\/553"}],"collection":[{"href":"https:\/\/serviciosgc.com\/index.php\/wp-json\/wp\/v2\/pages"}],"about":[{"href":"https:\/\/serviciosgc.com\/index.php\/wp-json\/wp\/v2\/types\/page"}],"author":[{"embeddable":true,"href":"https:\/\/serviciosgc.com\/index.php\/wp-json\/wp\/v2\/users\/1"}],"replies":[{"embeddable":true,"href":"https:\/\/serviciosgc.com\/index.php\/wp-json\/wp\/v2\/comments?post=553"}],"version-history":[{"count":12,"href":"https:\/\/serviciosgc.com\/index.php\/wp-json\/wp\/v2\/pages\/553\/revisions"}],"predecessor-version":[{"id":1130,"href":"https:\/\/serviciosgc.com\/index.php\/wp-json\/wp\/v2\/pages\/553\/revisions\/1130"}],"wp:attachment":[{"href":"https:\/\/serviciosgc.com\/index.php\/wp-json\/wp\/v2\/media?parent=553"}],"curies":[{"name":"wp","href":"https:\/\/api.w.org\/{rel}","templated":true}]}}